 = 2*q + 3*y - 48. What is the greatest common factor of q and 60?
12
Suppose k = 3*k - 5*y - 90, 0 = 5*k + 5*y - 190. What is the greatest common factor of 20 and k?
20
Let v(s) = 6*s. Let j be v(2). What is the greatest common divisor of j and 30?
6
Suppose 0 = 2*n - 4*b - 0*b - 24, -4*b = n. Suppose 0 = -3*z - h + 213, 2*h = 5*z - 3*h - 375. Calculate the highest common divisor of n and z.
8
Suppose -3*x - l + 3*l = 3, 5*l = 4*x + 11. Suppose 5*y - 5*d = 15, -4*y - 5*d = -y - x. Suppose h = 4 - y. What is the greatest common divisor of h and 16?
2
Let z = 926 + -431. What is the highest common factor of 45 and z?
45
Let i(j) = -6*j - 4. Let z be i(-6). What is the highest common divisor of z and 80?
16
Suppose -3 - 5 = 2*s. Let r = 4 - s. Calculate the highest common factor of r and 2.
2
Suppose 0 = -h - 4*c + 11 - 27, 3 = 2*h + c. Suppose 0 = a - 23 + 19. Calculate the highest common factor of a and h.
4
Let g(p) = p**2 - 4*p - 3. Let b be g(5). Suppose -k = b*k. Let c(d) = d**3 - d**2 + 13. Let x be c(k). What is the highest common factor of x and 143?
13
Let a(g) = -4*g + 1. Let x(q) = 3*q - 2. Let m(f) = 2*a(f) + 3*x(f). Let z be -12*2*3/(-12). Let l be m(z). What is the greatest common divisor of l and 1?
1
Suppose s - 18 = -3*l, 3*l + 90 = 3*s + 2*s. Let w be -3 - -4 - (-2)/1. Suppose q = -w*q + 36. Calculate the greatest common divisor of s and q.
9
Let i be -1 + (-4)/12*-3. Let d = i - -3. What is the greatest common factor of 1 and d?
1
Let m = -108 + 195. Suppose 3*p + 2*x = -0*p + 51, 5*p - m = -4*x. What is the highest common factor of 6 and p?
3
Let f = 8 - -22. What is the highest common divisor of 12 and f?
6
Suppose -5*f + 77 = 2*i, -f - 4*f - i + 81 = 0. What is the highest common divisor of 102 and f?
17
Suppose -15*g + 5 = -10*g. Let v be g - (2/2 + -6). What is the greatest common divisor of v and 24?
6
Let w = 491 - 337. Calculate the greatest common divisor of w and 22.
22
Let x(z) = 16*z - 1. Let w be x(-4). Let u = w - -114. Calculate the highest common divisor of 7 and u.
7
Let n = 549 - 289. Suppose 92 + n = 4*l. Suppose 5*o + 18 = l. Calculate the greatest common factor of 7 and o.
7
Let p(f) = 6*f**2 - 1. Let z be p(2). Suppose 0 = -26*n + 25*n - 3, 0 = -i - 5*n + 169. Calculate the greatest common divisor of i and z.
23
Suppose -5*v + 79 = -166. Let n be -7*(0 + -1) - 0. Calculate the greatest common divisor of n and v.
7
Suppose -5*t + c - 57 = -t, -27 = 2*t + c. Let i be 48/(-12)*t/2. Suppose 3*u - 35 = -5*b, 5*u - 24 = -b + 5. Calculate the highest common factor of b and i.
4
Suppose -20 = 3*z - 7*z. Let w = -29 - -47. Suppose k - w = 2*c + 22, z*k + c = 200. What is the highest common divisor of 16 and k?
8
Suppose 0 = -2*s - 0*s + 12. Suppose 0 = -v + s*v - 200. Calculate the highest common factor of 5 and v.
5
Suppose -m + 3 = a - 13, -m = -3*a - 8. Suppose -3*k - 5*n + 223 = -160, 0 = -k + 2*n + 124. What is the highest common factor of k and m?
14
Suppose -2*l + 2*g + 26 = 0, 4*l - 42 = -0*g - g. Suppose 0 = -3*q + r + r + 367, -4*q + 4*r = -492. What is the highest common factor of q and l?
11
Let a = 20 + -14. What is the highest common divisor of a and 4?
2
Let q = -2 - -2. Let y = 3 - -1. Suppose q = y*z - 243 - 153. Calculate the highest common divisor of 9 and z.
9
Suppose 80*q = 79*q + 108. Calculate the highest common divisor of 12 and q.
12
Let b(j) = -j**2 - 6*j + 5. Let u be 3 + -1 + 1 - 9. Let a be b(u). Calculate the highest common factor of 55 and a.
5
Let s be (-710)/(-40) + (-1)/(-4). Calculate the greatest common divisor of s and 6.
6
Let j be 1/3 + 5/(-15). Suppose 0 = -4*b - j*b + 48. What is the highest common factor of b and 24?
12
Suppose 695 = 2*v + 3*v. Suppose -f - 186 = -3*b, b + 0*f - 62 = -f. Let m = v - b. Calculate the greatest common divisor of 11 and m.
11
Suppose 2*s + 0*s = 522. What is the greatest common factor of s and 29?
29
Let a = 47 + -28. Calculate the highest common divisor of a and 209.
19
Let a be 4/20 + (-438)/(-10). Let k = -22 + a. What is the greatest common factor of 55 and k?
11
Suppose 0 = -5*w - j + 27, w + 5*j = 3*w. What is the greatest common factor of 1 and w?
1
Suppose -3*k + 2*k + 4 = 0. Let y(j) = -j**3 + 6*j**2 + 4*j - 4. Let t be y(4). Calculate the greatest common factor of t and k.
4
Let o = 14 - -25. Suppose o = f + 6. Suppose -3*l + 7*l - 5*z - f = 0, -l + 27 = -5*z. What is the highest common divisor of l and 10?
2
Suppose 0*b = 2*b + 42. Let m = b + 61. Calculate the highest common factor of m and 8.
8
Let s(b) = -2*b**3 - 17*b**2 + 5*b - 9. Let l be s(-9). Calculate the highest common divisor of l and 6.
3
Let p be (-62 - 1)/((-1)/2). Suppose 4*c = -l + 5, 43 + 12 = 3*l + 2*c. Calculate the greatest common factor of p and l.
21
Let k = -1 + 27. Suppose 2*a + 3*a = 195. Calculate the highest common factor of k and a.
13
Let u = -60 + 86. Let s = u - 16. Calculate the highest common divisor of s and 5.
5
Let l(b) = b**2 - 5*b. Let h be l(3). Let s be -2*15/h + 3. What is the highest common factor of s and 12?
4
Suppose -2*j + 15 = 3*j. Suppose -k - j*k + 28 = 0. Calculate the greatest common divisor of 49 and k.
7
Let n = 13 + -9. Suppose n*u - 586 - 350 = 0. What is the greatest common factor of 26 and u?
26
Let u = -184 - -117. Let q = -33 - u. Let m = -21 + q. Calculate the highest common divisor of m and 104.
13
Let s be (-47)/(-3) - 3/(-9). Let f be (4 + -2)/((-2)/6). Let n = f + 30. Calculate the greatest common factor of n and s.
8
Let n = 51 + -37. Suppose -5*v - 9 + 4 = 0. Let z(t) = -15*t**3 - t**2 - t - 1. Let b be z(v). What is the highest common factor of b and n?
14
Let a be 2 + 10*(-15)/6. Let z = a + 48. Let b = -6 + 11. Calculate the highest common divisor of b and z.
5
Let q(n) = 2*n. Let j be q(2). Suppose -c - c = -j. Suppose 4*p + 4*u - 24 = 0, -p = 3*p + 5*u - 26. What is the highest common factor of p and c?
2
Let u = 2 + -2. Suppose 0*t + 3*t - 3 = u, -4*t - 5 = -3*n. Suppose 0 = -0*d - n*d + 54. What is the greatest common factor of 12 and d?
6
Let p = 51 - 34. Suppose -x - 4*l + p = 0, 0 = -x - 3*x - 2*l + 82. Let s = 3 + x. What is the highest common factor of 3 and s?
3
Let j(d) = -d**2 - 16*d. Let g be j(-16). Suppose -4*k + 31 = -4*s + 3, g = -s + 3. Calculate the greatest common divisor of 50 and k.
10
Let d = -5 - -10. Suppose 1 = 2*g + 2*g - 5*t, 0 = -5*g + 5*t + d. What is the greatest common divisor of g and 20?
4
Let p(f) = -f - 4. Let a be p(-8). Suppose 4*x + 2*u - 210 = -0*x, 3*x = -a*u + 170. Let n be (-2)/4 - 22/(-4). What is the greatest common divisor of x and n?
5
Let m be (-8)/28 - (-5)/(-7). Let x be ((1 - 0) + 361)*m. Let d be 4/(-18) + x/(-9). What is the highest common divisor of 8 and d?
8
Let z(p) = p**3 - 9*p**2 - 7*p - 20. Let d be z(10). Let h be -1*(1 + 0)*-3. Suppose -h*q = -7*q + 16. What is the highest common factor of d and q?
2
Let x(t) = 18*t**2 - 3*t. Let y be x(2). Suppose -3*i + 297 - y = 0. What is the highest common divisor of 7 and i?
7
Suppose 5*k + 0*f - 5*f - 20 = 0, 12 = 5*k + 3*f. Let m be (-11)/(-3) + (-8)/12. What is the greatest common divisor of k and m?
3
Let j(s) = s + 8. Let l be j(-8). Suppose 3*v = -2*p + 11, 5*v = 4*p - l*v - 11. What is the highest common divisor of 36 and p?
4
Suppose -11 + 51 = 4*f. Let q(p) = -2*p + 3. Let t be q(2). Let x be (39 - t)/(14/28). What is the greatest common divisor of x and f?
10
Suppose 978 = 6*p - 126. Calculate the greatest common divisor of 23 and p.
23
Let t be -122*3/(-1*6). Suppose k - 2*i - t = 0, -5*k + i - 102 = -416. Calculate the highest common factor of 9 and k.
9
Let l(d) = -d**2 + 126. Let b be l(0). Let s(y) = y + 6. Let q be s(-4). Let h be (q/(-6))/((-6)/252). What is the greatest common factor of h and b?
14
Let p = 22 + -30. Let k be -54*4/p + 3. Calculate the greatest common divisor of 20 and k.
10
Let u = 14 - 9. Suppose 3*x - u*p + 7 = 0, 4*x - 27 = -2*p + 7. What is the greatest common divisor of 12 and x?
6
Let y = 1296 + -1873. Let u be (-6)/15 + y/(-5). Let q be 3/((-1)/((-138)/9)). Calculate the greatest common factor of u and q.
23
Let m be (-4)/(-5 - -3) + 0. Let p be 35/(1/(m + -1)). What is the highest common divisor of p and 7?
7
Let b be (42/(-8))/1*4. Let h = b + 12. Let l be (-2)/(-9